Let d = 2 - h. What is the units digit of d?
9
Let j(m) = 2 + m - 6 + 5. Let h be j(0). Suppose -h - 23 = -2*a. What is the tens digit of a?
1
Let z(t) = -12*t + 3. Let k be z(-3). Suppose k = -b + 4*b. Let f = b + -5. What is the units digit of f?
8
Suppose -2 = 2*d, 248 = -5*x + 5*d + 663. What is the units digit of x?
2
Let p = 19 - 13. Let m be 8*(p/4)/3. Suppose 0 = l + 3*l - m*w - 48, -55 = -5*l + 4*w. What is the units digit of l?
7
What is the tens digit of (-24)/(-60) + (-238)/(-5)?
4
Suppose -5*u - 5*u = -280. What is the units digit of u?
8
Suppose 0 = b + 4, -4*t - 2*b = -2*t - 34. What is the tens digit of t?
2
What is the units digit of 1/(-1 + -1 + 3)?
1
Suppose a + x + x = 112, 92 = a - 3*x. Suppose n - 4*n + 28 = y, 3*y = -5*n + a. What is the tens digit of y?
4
Suppose g = 33 + 39. What is the tens digit of g?
7
What is the tens digit of 38/57 - 34/3*-1?
1
Suppose -1 = -5*t + 99. What is the tens digit of t?
2
Let n = -145 + 318. What is the tens digit of n?
7
Let y(i) = -16*i - 1. Suppose 5*z - 4*c = -6, -z + c + 3*c + 2 = 0. What is the tens digit of y(z)?
3
Suppose 4*w - q - 6 = 0, 3 = -q + 1. Let y be 0/(3/6*2). Let v = w + y. What is the units digit of v?
1
Let d(g) = 17*g + 2. What is the units digit of d(2)?
6
Suppose 0 = -5*w - 5*j + 175 + 55, j = 4*w - 159. What is the tens digit of w?
4
Let p(y) = y**3 - 8*y**2 + 8*y - 1. What is the units digit of p(7)?
6
Let m = -52 - -91. What is the tens digit of m?
3
Suppose -8*z = -3*z + 3*m - 283, -3*m + 3 = 0. Let f = z - 33. What is the tens digit of f?
2
Let k be 2 - 0/(-4 + 1). Suppose -n = p + 4*n - 36, k*p + 2*n = 48. Suppose 3*c + 3*o - p = 0, 4*c = 5*o + 10 - 0. What is the units digit of c?
5
Suppose -96 = -13*n + 9*n. What is the units digit of n?
4
Suppose 39*v = 38*v + 16. What is the tens digit of v?
1
Let p = -52 + 81. What is the units digit of p?
9
Suppose -2*j + a = -0*a - 7, 0 = -2*a + 2. Suppose j = -b - 1, -3*b + 230 = 5*q. What is the tens digit of q?
4
Let s = -3 - -1. Let f be 12*-1*s/6. Let p(g) = 3*g - 4. What is the units digit of p(f)?
8
Let u(h) = -9*h. Let c be u(-1). Let a(g) = -15 + 4 + 0*g + 3*g - g. What is the units digit of a(c)?
7
Suppose i = 3*d - 2*d - 301, -4*d = 2*i - 1210. What is the tens digit of d?
0
Let b = 28 - -3. What is the tens digit of b?
3
Let r(t) = -t**3 - 2*t**2 - 8*t + 11. What is the units digit of r(-6)?
3
Let t(d) = -6*d - 11. What is the units digit of t(-6)?
5
Let x = -879 + 1266. What is the units digit of x?
7
Let q(l) = l**2 + 6*l - 1. Let m be q(-5). Let y = -10 - m. What is the units digit of 1 + 1 - 0/y?
2
Suppose 6*j = -2*z + 2*j + 12, -4 = -4*j. Suppose 4*u - z*x = -7*x + 38, -2*x = 3*u - 28. What is the units digit of u?
8
Let u(v) = 10*v + 15. What is the units digit of u(4)?
5
Let h be (15 - 18) + (3 - 0). Suppose -56 = 4*r - 160. Suppose r = -h*a + 2*a. What is the tens digit of a?
1
Suppose -5*w + 5*f = f + 26, -2*f + 10 = -2*w. What is the units digit of (3/w)/((-2)/24)?
6
What is the units digit of 1/(-4)*-185 - 1/4?
6
What is the units digit of ((-62)/1 + -1)/(-1)?
3
Let d(a) = 3*a**2 + 2*a - 17. What is the units digit of d(-5)?
8
Let g be (-1)/((8/(-22))/(-4)). Let d = -4 - g. What is the units digit of d?
7
Suppose 3*d + 4*a - 24 = -0*d, -4*a - 8 = -5*d. Suppose 4*f - 4*l - 16 = 0, d*l - 6 + 1 = -3*f. What is the units digit of f?
3
Let r(i) = 5*i**3 - 3*i**2 - i - 6. What is the tens digit of r(3)?
9
Suppose 0 = 3*x - 7*x + 12. Suppose y + 6 = x*y. Suppose y*w = l + 32, 5*l - 66 + 26 = -5*w. What is the tens digit of w?
1
Let p(m) = 4 - 37*m - 2*m**2 + 16*m + 13*m. What is the units digit of p(-4)?
4
Let s be (-598)/(-14) + (-2)/(-7). Let c be (-4)/(-16) + s/4. Let o = c + 2. What is the units digit of o?
3
Suppose 3*d = 4*z + 451, 4*d = 6*z - z + 602. What is the tens digit of d?
5
Suppose -4*c - 2 = -5*c. What is the units digit of 6 + 1 - 0 - c?
5
Let b = 3 + -2. Let m be (-6 - -10)/(b*2). What is the tens digit of m + ((-18)/(-1))/2?
1
Let k = -20 + 53. What is the tens digit of k?
3
Let w be 2 - -14 - (-1 - -2). Suppose -4*n + 22 = -2*n. Let y = w - n. What is the units digit of y?
4
Suppose -s - 2 = -c - 2*s, 4*c - s = 33. Suppose 0 = q + 2*i - c, -5*q + 3*q = i - 17. What is the units digit of q?
9
Suppose -3*v + 9 = -0. Suppose 0 + 42 = v*c. What is the tens digit of c?
1
Let u = -24 + 40. Suppose 0 = -2*r - 2*r + u. What is the units digit of r?
4
Suppose 0*r + 2*r = l + 242, -2*l = -5*r + 606. What is the tens digit of r?
2
Suppose -h = 4*x + 2 + 1, 5*h + 3*x = 19. Suppose m + 20 = h*m. Suppose -n + 0 = -m. What is the units digit of n?
5
Let u = 250 - 166. What is the tens digit of u?
8
Let o(i) = i + 13. Let a be o(-11). What is the tens digit of a/(-8) - (-260)/16?
1
What is the tens digit of (9/6)/(15/170)?
1
What is the units digit of (-1)/((-3)/(143 - 5))?
6
Suppose -2*m + 165 = m. What is the units digit of m?
5
Suppose -58 = -4*u - 3*o, -2*o = u + 2*u - 44. Suppose -q - 5 - 3 = 0. Let w = u + q. What is the units digit of w?
8
Let f = 26 + -10. Suppose -d = -4*h - 6*d + 33, -2*d = 3*h - f. What is the units digit of h?
2
Let y(n) = n**3 - 10*n**2 + 9*n + 8. Let w(t) = -3*t - 6. Let s be w(-4). Suppose s*l - 45 = l. What is the units digit of y(l)?
8
Let c(o) = 8*o + 6. Let m(z) = -12*z - 9. Let r(j) = -7*c(j) - 5*m(j). Let n be (6 - 1) + (-16)/8. What is the tens digit of r(n)?
1
Let m = 51 - -24. Suppose v + 70 = 4*x, -3*v + 3 + m = 4*x. What is the units digit of x?
8
Suppose -3*a = -6*a. Suppose 2*d - 22 - 50 = a. What is the tens digit of d?
3
Suppose 2*q = q. Suppose -4*a + 8 = a + g, q = -3*g - 6. What is the units digit of (-2 - -6)/(a/1)?
2
Let k be 84*(-3)/(18/56). Suppose 0 = -5*i - 5, b - 2*i = -0*b - 42. What is the tens digit of 4/22 + k/b?
1
Suppose -12*v + 91 = -11*v + 3*t, 3*v = -2*t + 252. What is the units digit of v?
2
Suppose 4*s + 3*d = 43, -2*s + d = -5*s + 26. What is the units digit of s?
7
Let q(l) be the third derivative of l**5/60 + 5*l**4/24 + l**3/2 - 2*l**2. Let v be q(-3). Let i = v + 4. What is the units digit of i?
1
Let y be (2/(-4))/1*-6. Suppose -2*c = -2*d, -y*c - d = d. Suppose c*s + 13 = s. What is the tens digit of s?
1
Suppose g - 82 = u, -g - 3*u + 99 - 5 = 0. What is the tens digit of g?
8
Suppose 6*z + 797 = 3*v + z, -3*v = 3*z - 837. What is the units digit of v?
4
Let a(l) = 2*l + 1. Let u be a(2). Let j = 6 - 4. Suppose 5*f - 4*s + j = 0, -5*f - 4*s + 7 = -u*s. What is the units digit of f?
2
Let g(c) = c**3 - 4*c**2 + 2*c + 2. Let u be (-2)/(-3)*(4 + -1). Let a be g(u). What is the units digit of 10/4*(a + 4)?
5
Let o be 1*6*(-6)/4. Let z = o - -14. What is the units digit of z/(3/3 + 0)?
5
Let n(r) = -17*r + 5. What is the hundreds digit of n(-7)?
1
What is the units digit of (-238)/(-3) - (-48)/72?
0
Suppose -5*t + 56 = -t. Suppose 0*o + t = o. What is the units digit of o?
4
Suppose -2*w - z = -44, 13 = w - 0*w - 4*z. Let a = 11 - w. Let c = a + 19. What is the units digit of c?
9
Let s(l) = l**3 + l. Let u be s(1). Let d(p) = -p**u + 5*p**2 - p**2 + 1 + 0 + 2*p. What is the units digit of d(-1)?
2
Let c = 5 - 8. Let b = 2 - 1. Let k = b - c. What is the units digit of k?
4
Let l(r) = r**3 + 10*r**2 + 2*r + 4. What is the tens digit of l(-3)?
6
Suppose 7 - 1 = -o. Let s = o + 22. What is the units digit of s*(3 - (3 + -1))?
6
Suppose 5*i + 35 = 4*q - 9, 0 = -3*i. Let k = 37 - q. What is the units digit of k?
6
Suppose -2*t + 2*c - 1106 = -6*t, 0 = -2*t - 2*c + 548. What is the hundreds digit of t?
2
Suppose 8*i - 2*o - 507 = 5*i, 0 = 3*o. What is the tens digit of i?
6
Let b be (-3)/9 - 3656/(-6). What is the tens digit of b/15 - (-6)/15?
4
Let g be (-1)/(-1)*15/3. Let u be (g - 1)*(-7 - -1). What is the units digit of u/(-14) - 8/(-28)?
2
Let s = 4 + -1. Let x be (1/(-2))/((-5)/80). Suppose 2*j = x, s*j - 8*j = 2*n - 50. What is the tens digit of n?
1
Let g be (-1 - -1)*(-6)/(-12). Suppose g = -3*r + 5*r - 12. What is the units digit of r?
6
Let b(s) = -6*s + 8. Let u be b(6). Let w = -67 + 21. Let d = u - w. What is the tens digit of d?
1
Suppose -4*f = -5*m - 288, -5*f + 3*m + 391 - 18 = 0. What is the tens digit of f?
7
Let a = -3 - -8. Let v(j) = -3 + 2 - 3 + j**3 + 2*j - 5*j**2. What is the units digit of v(a)?
6
Supp